e 7, what is -113624 + -13?
-113640
In base 3, what is 212021101 + -1?
212021100
In base 12, what is -5b - 3bb4?
-4053
In base 13, what is 3471b3 + -4?
3471ac
In base 6, what is -4422 + -115?
-4541
In base 7, what is 1230 + 61455?
63015
In base 2, what is -111 + -101010101001010?
-101010101010001
In base 7, what is -31411 + -10?
-31421
In base 14, what is 2221 - bd?
2142
In base 6, what is 1042 - 32105?
-31023
In base 14, what is -192cb - -1?
-192ca
In base 2, what is -1011001100001101000 - -11?
-1011001100001100101
In base 14, what is 19d88c + -3?
19d889
In base 10, what is 136775 + -2?
136773
In base 11, what is 2500 + -56?
2455
In base 6, what is 13532 - 10204?
3324
In base 5, what is -3 - -312312?
312304
In base 7, what is 12 - -106060?
106102
In base 13, what is -5 + -2332?
-2337
In base 3, what is 1022001212200 - -12?
1022001212212
In base 11, what is -117 - -314?
1a8
In base 6, what is 51333 + 313?
52050
In base 13, what is 3 + b53?
b56
In base 4, what is 1331 + -2210?
-213
In base 5, what is 131 + -24113?
-23432
In base 16, what is 30 - 2e5?
-2b5
In base 5, what is 114 + 1200120?
1200234
In base 11, what is 0 - 25871?
-25871
In base 11, what is 114 + 118?
231
In base 7, what is 3433033 + -3?
3433030
In base 16, what is -300b + -1?
-300c
In base 10, what is -5 - 1987?
-1992
In base 7, what is 13 + -36046?
-36033
In base 5, what is 2001 + -33?
1413
In base 4, what is 1 - -1111223223?
1111223230
In base 6, what is -121515 - -1543?
-115532
In base 9, what is -1 - 3671?
-3672
In base 4, what is -310330 + 20?
-310310
In base 15, what is 5 + -36157?
-36152
In base 2, what is 11110 - 101110010?
-101010100
In base 9, what is 35660 - -14?
35674
In base 16, what is -119 - 6?
-11f
In base 2, what is 1010011 - 1100110?
-10011
In base 4, what is -1312 + 103100?
101122
In base 16, what is 11e897 + 3?
11e89a
In base 5, what is -3120 - -10341?
2221
In base 9, what is 844770 + 4?
844774
In base 8, what is -13 - -10155?
10142
In base 11, what is -32187 - -4?
-32183
In base 10, what is 8 + -451?
-443
In base 16, what is 1676 - 0?
1676
In base 2, what is -11110 + 100110011010?
100101111100
In base 15, what is 4278a - -3?
4278d
In base 9, what is 1565 + -20?
1545
In base 2, what is -100 - -11000110001?
11000101101
In base 10, what is -193 - 203?
-396
In base 11, what is 4 - -3806?
380a
In base 2, what is 1101110001 - 10001000111?
-11010110
In base 15, what is -2 - -64d07?
64d05
In base 4, what is 320202132 - -1?
320202133
In base 15, what is 5 + -347c?
-3477
In base 9, what is -1 + 11182?
11181
In base 3, what is 20102100212 - 0?
20102100212
In base 7, what is -5 - 446443?
-446451
In base 4, what is -1101333322 + 0?
-1101333322
In base 14, what is -4a - -4?
-46
In base 4, what is 20013300323 + -11?
20013300312
In base 16, what is -befa - -1?
-bef9
In base 10, what is -7381 - -193?
-7188
In base 7, what is 441 + 156?
630
In base 3, what is 2111020 - -11112?
2122202
In base 14, what is 9d - 490?
-3d1
In base 10, what is 6 - -42727?
42733
In base 10, what is -900639 - -2?
-900637
In base 5, what is 134 + -3222?
-3033
In base 11, what is 6656 - 519?
6138
In base 6, what is -3 - 245544?
-245551
In base 15, what is 233018 - -4?
23301c
In base 15, what is 4 - cac81?
-cac7c
In base 10, what is 15 + -17236?
-17221
In base 9, what is -5 + -676862?
-676867
In base 5, what is -1 - 444122?
-444123
In base 10, what is -319034 - -1?
-319033
In base 7, what is 5661 - -5?
5666
In base 9, what is -5280 + -11?
-5301
In base 8, what is -5 + -2573266?
-2573273
In base 5, what is -210214 - 221?
-210440
In base 16, what is 8 + 9b9d9?
9b9e1
In base 2, what is -1101100111 + 1000110?
-1100100001
In base 11, what is 6a1 + -16?
686
In base 8, what is 5 + -171537?
-171532
In base 14, what is 380 + 33?
3b3
In base 12, what is 32896 - 5?
32891
In base 3, what is -2200010 - -120022?
-2002211
In base 11, what is 2 - -216435?
216437
In base 16, what is -7 + -173a?
-1741
In base 4, what is -303 + -2121100?
-2122003
In base 11, what is 2064452 - 0?
2064452
In base 13, what is 123 - -20?
143
In base 8, what is 5467073 - 0?
5467073
In base 3, what is -222 + 101200010?
101122011
In base 4, what is 130332 - 3322?
121010
In base 9, what is 3268 + 160?
3438
In base 4, what is -3012200 + -20?
-3012220
In base 4, what is -10 - 11333321?
-11333331
In base 14, what is 25 - 1c97?
-1c72
In base 11, what is 2010 + -146?
1975
In base 16, what is bddf2 + -1?
bddf1
In base 16, what is -4320d - 3?
-43210
In base 6, what is -230 - 255?
-525
In base 3, what is -201110000010 - 2?
-201110000012
In base 7, what is 3 + 106216?
106222
In base 4, what is -2121 - 231?
-3012
In base 8, what is -4213 + -53?
-4266
In base 7, what is -4456500 + -4?
-4456504
In base 12, what is -1364 - -50?
-1314
In base 8, what is -1 - 447677?
-447700
In base 9, what is 1 - -264357?
264358
In base 11, what is -1a - -356?
337
In base 6, what is 10 - -543441?
543451
In base 8, what is -44647 - -20?
-44627
In base 8, what is -1740 - 41?
-2001
In base 7, what is -205 - -102?
-103
In base 14, what is 47 - -706?
74d
In base 11, what is 19 + 5522?
5540
In base 4, what is -30122202103 + 0?
-30122202103
In base 7, what is -40 - 43203?
-43243
In base 8, what is 6 + 42525?
42533
In base 9, what is -163 + -8657?
-8831
In base 11, what is -5 - 38a39?
-38a43
In base 16, what is -18 + -aeb?
-b03
In base 14, what is 106684 - 0?
106684
In base 14, what is -81cc - 3?
-81d1
In base 4, what is 1 + 1010002313?
1010002320
In base 13, what is 5 + 4672?
4677
In base 2, what is 1001011 + 10111?
1100010
In base 6, what is 1043434 + -5?
1043425
In base 6, what is 1040 + -450?
150
In base 4, what is 0 - -3201102?
3201102
In base 13, what is -96a + -a82?
-171c
In base 4, what is -13133 + 12?
-13121
In base 5, what is -41 + 40434?
40343
In base 15, what is -3 + -64a9?
-64ac
In base 11, what is -605a + 2?
-6058
In base 5, what is 2242 - 2430?
-133
In base 13, what is -611c - -15?
-6107
In base 9, what is -341450 + 0?
-341450
In base 8, what is 0 + -1717624?
-1717624
In base 13, what is 9 - -2a7c?
2a88
In base 6, what is 41 + 543311?
543352
In base 12, what is 236b0 + 9?
236b9
In base 7, what is 2 + -1321642?
-1321640
In base 2, what is -10011011101 + -11?
-10011100000
In base 14, what is -4 + -a633?
-a637
In base 10, what is 438 - 526?
-88
In base 2, what is 11 - 10010010000000?
-10010001111101
In base 15, what is -c5784 - -2?
-c5782
In base 4, what is 3 + 1311032002?
1311032011
In base 16, what is -4 - e038?
-e03c
In base 14, what is 10651 - 3?
1064c
In base 11, what is -1820105 - -3?
-1820102
In base 5, what is 1333 + 3241?
10124
In base 3, what is 1011112 + 1201?
1020020
In base 9, what is 814618 + 3?
814622
In base 10, what is -1248046 - -3?
-1248043
In base 12, what is -2340 - 59?
-2399
In base 2, what is 101100000011000 - -101?
101100000011101
In base 9, what is 32043 - -10?
32053
In base 3, what is 212010112122 + 1?
212010112200
In base 11, what is 45413 - 1?
45412
In base 16, what is -8aa - -49?
-861
In base 4, what is 23 + 20311010?
20311033
In base 11, what is -a8a2 + -13?
-a905
In base 11, what is 1 + -27846?
-27845
In base 6, what is 5 - 1003523?
-1003514
In base 16, what is 9d7ea + -5?
9d7e5
In base 12, what is 64 - -496?
53a
In base 16, what is 12 - -6e9f?
6eb1
In base 6, what is 455114 + -2?
455112
In base 9, what is -785 - -148?
-636
In base 13, what is a - -1167b?
11688
In base 9, what is 37558 + 10?
37568
In base 15, what is -2 + -2bc80?
-2bc82
In base 6, what is 1525 - -2105?
4034
In base 13, what is 2945 + 3?
2948
In base 9, what is 154350 + 0?
154350
In base 3, what is 20 - -11212211?
11220001
In base 6, what is 2120 - -50103?
52223
In base 11, what is 2238 - 442?
18a6
In base 12, what is -1b + -b4177?
-b4196
In base 15, what is -37 + -4a9?
-4e1
In base 11, what is 4 - 3958?
-3954
In base 10, what is 781763 - -8?
781771
In base 2, what is 100 + -1000001111101010011?
-1000001111101001111
In base 11, what is -3 + -22a18?
-22a20
In base 14, what is a551 + 4?
a555
In base 3, what is 11201 - 111111?
-22210
In base 12, what is 1b412 - -1?
1b413
In base 16, what is -2 + -d46?
-d48
In base 2, what is -10100110 - 100000010011?
-100010111001
In base 15, what is 13345 - 11?
13334
In base 14, what is -3 - -1c979?
1c976
In base 3, what is 12 - 102011101?
-